 0) + 1 + 3?
9
Evaluate -20 + (11 - (-11 + 19)).
-17
Evaluate -14 + 34 + 19 - 69.
-30
What is the value of -129 - -134 - ((-3 - -1) + 5 - 0)?
2
-7 + 16 + -3 + (6 - 3)
9
What is -5 + 13 + 1 + (16 - 24)?
1
What is the value of -11 + 61 + 9 + -15 - 14?
30
What is the value of -2 + (9 - 4) - (-2 + -10)?
15
(13 - -3) + -21 + (2 - 0)
-3
Calculate 0 + -17 - (-8 + 2 + -23 + 26).
-14
Calculate -8 + -24 + 15 - -38.
21
What is 11 + -3 + -6 - (4 + 4) - 3?
-9
What is the value of (6 - (5 - -5)) + -6 + -2?
-12
Evaluate 5 - -2 - (27 - 24).
4
Evaluate (7 - 25) + 5 + 8 + 19 + -5.
9
(38 + -52 - 11) + 44
19
Calculate ((11 - (4 + -1)) + -2 - 9) + 5.
2
Calculate -1 - 9 - 0 - -12 - (0 + -9).
11
What is the value of -16 + 1 + 28 + -1 + -5?
7
Calculate 31 - (11 - -3) - 5.
12
Evaluate 9 - (-10 + 13 + -12 + 4).
14
What is 14 + (-5 - (12 + 14)) - 13?
-30
What is 26 + (-11 - -10) + -53?
-28
(0 - -4) + 8 + (15 - 16)
11
Evaluate 5 + (5 - (7 + -6 + 4) - 3).
2
Calculate (23 - 5) + 10 + -12.
16
Evaluate 44 - (-11 - (-26 - 9)).
20
What is -18 - -6 - (-26 + 12) - (-5 - -20)?
-13
What is the value of -5 + -13 - (-5 - (-14 + 12))?
-15
Calculate 53 + (-7 + 14 - (38 - 12)).
34
What is the value of 18 + (-27 - -8 - -7)?
6
What is -5 + (35 + -30 - (-4 + (1 - 3)))?
6
Calculate -729 + 728 + (-23 - -1 - 0).
-23
What is the value of -1 - (22 + -12 + -4) - (-1 - -4)?
-10
Evaluate (0 - 11) + (-9 - (-24 - -9)) - 7.
-12
(-22 - (5 + -5)) + (-10 - -19)
-13
Evaluate -110 + 112 - (-2 + 10 - 0).
-6
10 + 0 - (-9 - (13 - 7 - 5))
20
Calculate -14 + (-2 - (-8 - (-1 + 3 + -5))).
-11
Evaluate -9 + (-3 - -2 - (2 - 6)) + 7.
1
Calculate 2 + -1 + (32 - 34).
-1
What is the value of -24 - (-26 + -10 + 24)?
-12
Evaluate -14 + -13 + 10 + 3 - -2.
-12
(-9 - -4 - 2) + (11 - (-5 - -7))
2
Evaluate -20 + (10 - (4 + 8 + 4)).
-26
Calculate 1 + (-4 + 6 - 0) + 4.
7
What is (-20 - -13 - 3) + -4?
-14
Calculate 8 + 3 + -16 + (2 - (-8 + -13)).
18
What is the value of -38 - -18 - -27 - (3 - -4)?
0
What is the value of 15 - (-8 + (1 - -17))?
5
What is the value of (21 + -23 - (-1 + 1)) + -9 + 30?
19
What is the value of 29 - (14 + 17 + 13)?
-15
Evaluate 10 + -32 + 37 + -1 + -22.
-8
Calculate (-4 - 12) + -10 + 24 + 0 + -12.
-14
Calculate -5 - ((1 - (-3 - -4)) + 4).
-9
Evaluate -10 + -7 + (-11 - -28) - 10.
-10
Evaluate -20 + (-7 - (-9 - 10)).
-8
What is 18 + 14 + -33 + 10?
9
Calculate 0 + 0 + (7 - 16) + (-41 - -46).
-4
Calculate -8 - (12 + 4 + -5 - 9).
-10
2 - ((-2 - (-4 - -3)) + -7)
10
Evaluate -16 + (5 - -9) + 1.
-1
What is the value of -3 - 1 - (-9 - (-1 + -1))?
3
Evaluate -15 + 33 - (-3 + 16).
5
(275 - 224) + -19 + -2
30
Calculate 3 - (-62 - (-1 - 34)).
30
(-4 - -8 - 4) + (-10 - 0)
-10
Calculate 3 + -3 + -4 + 2.
-2
-17 + -36 + 20 - -10 - 2
-25
Calculate -5 + 7 - (-104 + 99).
7
What is -3 + -10 + 3 + (6 - 5) + -8?
-17
Evaluate 25 + (-37 - -43) + -57.
-26
What is -1 + -6 + -24 + (20 - -29) - 2?
16
Calculate 6 + 16 + -12 + 9 + -12.
7
Evaluate 44 + -75 - -24 - 25.
-32
Evaluate (-14 - -30 - 12) + -7.
-3
Evaluate 5 - (11 + 3) - -2.
-7
Calculate 13 + 0 + 5 - (-1 - -10).
9
6 + -1 + -14 + 13
4
What is the value of 18 - ((1 + 2 - (-21 + 21)) + -7)?
22
What is the value of 4 + (-4 + -1 + 10 - -4)?
13
What is 12 + (337 + -323 - (2 + 24))?
0
Evaluate (2 - (-8 + 5)) + (13 - 0).
18
What is the value of -20 + 1 - (-1635 - -1647)?
-31
What is the value of -10 - (6 + -32 + 26 - (2 + 31))?
23
What is -8 - (2 + -4 - 1 - (0 - 2))?
-7
Calculate -8 - (-4 + -2) - (16 + -7).
-11
Evaluate (-11 + 0 - (10 - 15)) + -4 + 0.
-10
8 - (0 - 4) - (24 - 19)
7
Calculate 0 + (-23 - -11) + 22 + -8 + 2.
4
Evaluate -207 - -199 - (0 + 5).
-13
What is (0 - 4 - (-3 - -4)) + 22 + -7?
10
What is the value of -30 - (6 + -2 + -9 + -8 + 7)?
-24
Calculate 12 - (15 - (-4 - -7 - -5)).
5
What is -17 + (9 - -1 - (10 - (6 + -2)))?
-13
What is 0 - (-3 + -6 - -5 - (5 + -20))?
-11
What is the value of -2 + (-2 - (0 + -5 + 1)) - -6?
6
Calculate 6 + (4 - 2) + -3 + (4 - 4).
5
Calculate -2 + (2 - 0) - (-34 - -67 - 30).
-3
Evaluate -4 - (-47 + 35 - (0 + 4 + 3)).
15
-2 + 2 + (17 - -2) + 4
23
-4 + -10 - (4 + -5) - (-2 - 4)
-7
Evaluate -28 - (15 + -19 - (-1 + 0 + 3)).
-22
What is the value of 4 - (-2 + -4) - (5 - (-3 - -5))?
7
20 + (9 - (-42 + 50 + (0 - -7)))
14
Calculate 106 - 109 - (5 + -14 + 0).
6
Evaluate 3 + 13 + -4 + -20 + 28.
20
2 + (2 - 5) - (777 + -779)
1
What is (0 - -5 - 20) + 13?
-2
What is the value of 1 + 5 + (-3 - -3) - (17 - -2)?
-13
What is (10 - (9 - 6)) + (32 - (7 + 2))?
30
What is -22 - (1 - 18) - (1 - 15 - -1)?
8
3 + -2 - (-27 + 27 - (-7 - -1))
-5
0 + 19 - -24 - 34
9
What is (-11 - -12) + (1 - (5 - -4))?
-7
Calculate 38 - (12 - (20 - 32)).
14
Evaluate -88 + 68 - (-1 - 13).
-6
-4 + -8 + 7 - (-5 - -4)
-4
What is 3 + 3 + 10 + -10?
6
35 + -20 - (-9 - -29)
-5
Evaluate 4 + 17 - 3 - (-16 + 4 - -21).
9
(20 - 3) + -6 + -13 + 10 + -6
2
What is 1 + -14 + (51 - 27)?
11
Evaluate (-9 + 38 - 35) + 10.
4
What is (13 - 16 - -33) + -18?
12
What is the value of -10 + 10 - (-1 + (-8 - -3))?
6
Calculate (5 - (-12 + 9 - 0)) + 4.
12
What is the value of (-2 - -11) + (-11 + 10 - -16 - 6)?
18
What is the value of -10 + (3 - (3 + -5)) - (-1 - -6)?
-10
Calculate 7 - (-2 + 21 - 0).
-12
What is the value of (-9 + 12 - (1 - (3 + -26))) + 7?
-14
What is (-11 - -37 - 16) + -8?
2
Evaluate 265 - 253 - (16 - (-3 - -3)).
-4
Evaluate 240 + -227 + -5 + -2.
6
Evaluate -2 + (-21 - -13) - -5 - (1 - 6).
0
Evaluate -5 + 14 + -16 - (-12 - -25).
-20
(13 - (7 + 30 - 6)) + 19
1
Evaluate -6 + 23 - -2 - 18.
1
Calculate 13 + -3 + 1 + (-50 - -42).
3
What is the value of 1 + -2 + (45 - 31 - (1 - 0))?
12
-1 + 10 + (-6 - ((-24 - -47) + -14))
-6
Calculate -11 - ((8 - 5) + 6 + -13).
-7
Evaluate (0 - (-3 + 8)) + (1 - (-22 - 3)).
21
-13 - (5 + -25 - -2)
5
What is 7 + -6 + (-8 - 5)?
-12
What is 18 + -10 + (-10 - 14)?
-16
Evaluate -4 + 15 + -30 + 9.
-10
4 + -2 + -3 - (52 - 51)
-2
(4 - 17) + 9 + (-11 - -3)
-12
What is -1 - -12 - (-1 + 12)?
0
Evaluate -50 - (-105 - -50) - (0 + -9).
14
8 + 9 - (13 - -17) - (-6 + 2)
-9
Evaluate -22 + -18 + (-14 - -46).
-8
What is -9 + -5 + 1 + (18 - 24) + 8?
-11
Calculate -22 - -23 - (13 + -2 + (0 - 3)).
-7
(1 - (9 - (-2 + 9))) + 1
0
What is -18 - (-30 + 17 - -8)?
-13
Evaluate 2 - (7 + -4 + 1) - (-57 - -72).
-17
15 - ((12 - -10) + 0)
-7
Evaluate -11 + (-2 - 0) + (10 - 11).
-14
6 + 1 - (-19 - (-4 - 45) - -3)
-26
Evaluate 0 + 0 + (15 - (3 + 10)).
2
(-29 - 23) + (54 - 27)
-25
What is -2 + 3 + -6 - -19?
14
What is the value of 9 - (-54 + 54 - (-10 + 0))?
-1
Calculate -31 - 9 - (29 + -46).
-23
What is -11 + 0 - (21 + -15)?
-17
What is -29 + 2 - (512 + -557)?
18
What is the value of -27 + (11 + -28 - -43)?
-1
Calculate -14 + 11 - (23 + 0).
-26
-1 - 4 - ((-6 - (-7 - -6)) + 6)
-6
What is the value of -1 + -7 + 100 + -100?
-8
-20 + (-5 + 2 - -3) - (-3 + -3)
-14
Calculate (2 - 2 - -2) + 0 + 0.
2
Calculate -1 - (-15 - -13 - (0 - -4)).
5
Evaluate -72 + 51 + -9 + 4.
-26
What is the value of 17 + (20 - 10) + -9?
18
What is the value of 27 + 9 - (1 + 6 + 7 + -6)?
28
(1 - -16) + -1 + (-5397 - -5408)
27
Calculate (-4 - 21) + 8 + 9.
-8
What is the value of 4 + 9 - 28 - -22?
7
-1 + -6 + -6 + (-15 - -16)
-12
What is the value of -21 - (34 - 32 - (8 - -5))?
-10
What is the value of 14 + 16 + (-23 - (-15 - -7))?
15
What is the value of (1 - (-1 + -2 - 2 - -10)) + 2?
-2
What is 11 + (7 - (1 - -5 - (11 + -13)))?
10
What is the value of -1 + (3 - (-4 + 0) - (-2 - 2))?
10
What is 5 - -2 - (257 - 265) - 46?
-31
What is the value of -7 - (-9 + 13 + -14)?
3
Evaluate (5 - (-3 + 7) - 9) + 22.
14
-5 + -6 + 4 - (1 - -1)
-9
Calculate ((-5 + 11 - 9) + 5 - -3) + -14.
-9
What is 4 - (-9 - -6 - 1 - (2 - 10))?
0
Calculate -4 + (13 - (18 - 12)).
3
What is the value of -5 + -1 + 0 - 0?
-6
6 + 4 + (-20 - -9)
-1
What is the value of (8 - (5 + -10)) + (189 - 189)?
13
2 + -5 + -17 + (11 + -9 - -7)
-11
Calculate 0 + -6 - (81 + -138 - -52).
-1
41 + (-32 - 22) - (-26 - -1)
12
What is the value of 1 + 55 + (-228 - -190)?
18
What is -13 - (0 + -18 + 6)?
-1
-6 + 9 + -11 + 2 + -6
-12
Evaluate -39 - (-16 + (-9 - -4)).
-18
What is -3 - 35 - (33 + -42) - -12?
-17
7 + (4 - (0 - -10) - -1) + -7
-5
-6 + (-6 + -8 - -1) + 24
5
What is 0 - (-4 - (3 - (-5 + 3 + 6)))?
3
Calculate 10 - 30 - (18 + -45) - (24 - 0).
-17
Calculate (6 + 1 - 2) + (49 + 32 - 80)